= -4*r + 108. What is the remainder when h(21) is divided by 1?
0
Suppose -2*t - 2*t + 24 = 0. Let d(j) = 6*j + 2. What is the remainder when d(t) is divided by 7?
3
Suppose 15*s = 20*s - 215. Calculate the remainder when 300 is divided by s.
42
Let a(k) = 3*k - 23. Calculate the remainder when 86 is divided by a(15).
20
Suppose 31*c = -47*c + 6474. Calculate the remainder when c is divided by 30.
23
Let p(z) = -z**3 + 16*z**2 - 14*z + 4. Suppose 0 = t - 3*t - 30. Let v be (t/2)/(6/(-12)). Calculate the remainder when p(v) is divided by 11.
8
Let z(f) = f**2 - f - 11. Let g be -6 + 10 - 1*-3. Let k = g - 1. What is the remainder when 75 is divided by z(k)?
18
Calculate the remainder when 8/(64/(-138))*-12 is divided by 35.
32
Let b(x) = -19*x + 5. Let w(j) = -j + 1. Let g(q) = -b(q) + 6*w(q). Calculate the remainder when 55 is divided by g(1).
13
Suppose 3*d = -3*q + 978, 21*q - 25*q = d - 1313. What is the remainder when q is divided by 10?
9
Suppose 6*c - 2*c + 351 = x, x + 3*c - 386 = 0. What is the remainder when x is divided by 76?
67
Let f(g) = g**2 - 31*g - 120. What is the remainder when f(38) is divided by 21?
20
Let v(q) = q + 26. Let o(x) = 6*x + 1. What is the remainder when o(2) is divided by v(-22)?
1
Let h = -3 + 4. Let s = h - -2. Suppose 0 = -s*l - w + 5*w + 67, 4 = -w. Calculate the remainder when l is divided by 5.
2
Suppose 25 + 31 = 7*y. Suppose -3*l = -y*l. Calculate the remainder when 134 + l + 0/(-4) is divided by 34.
32
Suppose 0 = 5*v - v - 48. Let t be (-1 - -4)/((-9)/v). What is the remainder when 7 is divided by 0 + (0/t - -4)?
3
Let o be (6/4)/((-18)/(-1608)). Suppose -z + t + 119 - 42 = 0, 2*z + 2*t = o. Calculate the remainder when z is divided by 37.
35
Let f(j) = -j**3 - 34*j**2 - 31*j + 98. What is the remainder when 39 is divided by f(-33)?
7
Suppose 23*z = 25*z - 34. Suppose -35 + 9 = -2*n. Suppose n = 2*k + 3. Calculate the remainder when z is divided by k.
2
Let w = -796 + 1008. What is the remainder when w is divided by 109?
103
Suppose 2*j = 2*s + 46, -3 = s - 6. What is the remainder when 1062 is divided by j?
22
Let d(v) = -2*v**2 + 10*v - 1. Let m be d(5). Calculate the remainder when 111 is divided by 6*(-3 - -6) - m.
16
Calculate the remainder when -6 + 6 - -6 - -941 is divided by 73.
71
Suppose -z + 10 = 7. Suppose -7 + 31 = z*w. What is the remainder when 39 is divided by w?
7
Let q = -6 - -34. What is the remainder when (q*4)/((-36)/(-18)) is divided by 29?
27
Let y = 1292 - 1274. What is the remainder when 47 is divided by y?
11
Suppose -3*b = -z - 1041 + 3135, -z + b + 2088 = 0. Calculate the remainder when z is divided by 116.
113
Let g = -61 - -140. Suppose 6*w + 980 = 55*w. What is the remainder when g is divided by w?
19
Calculate the remainder when 37 is divided by (-70)/(-3) - 1610/483.
17
What is the remainder when 271 is divided by (17/4)/((-4)/(-96)*3)?
33
Let z(t) = t**2 + 19*t - 9. Let n be z(-13). Let g = -13 - n. What is the remainder when g is divided by 38?
36
Let b be (-51)/5 + 8/40. Calculate the remainder when 26 is divided by (27/6)/((-5)/b).
8
Suppose 5*t - 143 = -5*f + 127, -2*f + 108 = 4*t. Let x(p) = 3*p - 3. What is the remainder when f is divided by x(5)?
6
Calculate the remainder when 46 is divided by 2*2 + (10 - (7 + -5)).
10
Suppose 0 = -4*f + 5*j + 92, -f + 7*j - 4*j = -30. Suppose -k + 4*z - 10 = -0, -5*k - 2*z = -60. Calculate the remainder when f is divided by k.
8
Let d = -2397 + 2736. What is the remainder when d is divided by 30?
9
Let d = 6 - 43. Let g = 51 + d. Calculate the remainder when 193 is divided by g.
11
Let k(p) = 3*p**2 + 5*p - 3. Let y be k(-6). Let l = 133 - y. Calculate the remainder when l is divided by 10.
8
Suppose 30*q + 273 = 43*q. What is the remainder when 242 is divided by q?
11
Let q be ((4*5)/4)/1. Suppose -q*s - 41 = 114. Let p = 2 - s. What is the remainder when p is divided by 18?
15
Let w = -357 + 448. Calculate the remainder when w is divided by 11.
3
Let k = 1314 + -926. What is the remainder when k is divided by 98?
94
Suppose -17*j - 2970 = -47*j. Calculate the remainder when j is divided by 150/4*(-4)/(-6).
24
Suppose -4*k - 366 = 2*k. Let m = -44 - k. Suppose -4*z = 4*g - 104 - 104, 2*z - 4 = 0. What is the remainder when g is divided by m?
16
Suppose 2*l - l = -3*h + 28, -56 = -5*h - 4*l. Let f(i) = -17*i + 244. What is the remainder when f(13) is divided by h?
7
Suppose -s + 226 = -2*a + 23, -4*s + 4*a = -816. Suppose c + s + 198 = 4*t, -t + 3*c + 109 = 0. What is the remainder when t is divided by 17?
15
Let j = 24 + 25. Let b = -25 + 50. Suppose 5*d + b = q, -4*d = 2*q - q - 25. What is the remainder when j is divided by q?
24
Suppose -3*h + 0*f + 101 = -2*f, 5*f = 10. Suppose -6*c = -2*c + d - 33, -4*c = 3*d - h. Calculate the remainder when c is divided by (5/(-3))/(3/(-9)).
3
Let z = -42 - -42. Suppose 0 = 4*g - z*g + 2*s - 196, 0 = -4*g + 5*s + 224. What is the remainder when g is divided by 26?
25
Let q = -247 - -297. Calculate the remainder when 84 is divided by q.
34
Let z = -844 + 850. What is the remainder when 273 is divided by z?
3
What is the remainder when 130 is divided by (3 + (-21)/(-6))/(3/18)?
13
Let o = -81 - -119. Suppose -b + 3*c + o = -2*c, 4*b + 4*c - 32 = 0. Calculate the remainder when 62 is divided by b.
10
Let s(p) = p. Let y be s(4). Suppose -3*r - 43 + 7 = -y*l, -2*r + 32 = 2*l. Suppose 8 = -i + l. Calculate the remainder when 6 is divided by i.
2
Suppose -9*q = -10*q - 3. What is the remainder when (-80)/(-3) + (-1)/(-3) is divided by (-6)/((-18)/21) - q?
7
Let n(h) = 2*h - 2. Suppose b - 5*u = -u + 14, -3*b + 18 = -4*u. Suppose -2 = -b*k + 10. Calculate the remainder when n(k) is divided by 6.
4
Let f(o) = o**3 - 32*o**2 + 27*o + 138. Calculate the remainder when 23 is divided by f(31).
9
Let b(w) = 18*w**2 + 122*w - 9. Calculate the remainder when b(-7) is divided by 6.
1
Let g = -29 + 70. Suppose c - 57 = n + n, 4*c + n = 210. Suppose 0 = -3*j + 10 + c. What is the remainder when g is divided by j?
20
Suppose 10*q - 132 = 6*q. Suppose 0 = 2*d - d + 4*m - q, -54 = -2*d - 5*m. Suppose 2*w + 196 = 6*w. What is the remainder when w is divided by d?
15
Suppose -3*g + 34 + 65 = 0. Calculate the remainder when 129 is divided by g.
30
Suppose -128*g + 1541 = -4731. What is the remainder when 454 is divided by g?
13
Suppose -38 = 5*o - 68. Suppose o = 4*x - 6. Calculate the remainder when x is divided by 3.
0
Let d = 17 - 15. Suppose -d = -h + 8. What is the remainder when 465/12 + (-2)/(-8) is divided by h?
9
Let u be (-4)/(-14) + (-2756)/91. Let i = -24 - u. What is the remainder when 9 is divided by i?
3
Let s(t) = -t**2 + 8*t - 4. Let o(l) = l**2 - 11*l - 13. Let r be o(7). Let h = r - -47. Calculate the remainder when s(5) is divided by h.
5
Suppose 5*v = 3*u + 356, u - 155 = -2*v - 2*u. What is the remainder when v is divided by ((-9)/(-15))/(74/(-25) + 3)?
13
Calculate the remainder when 11 is divided by 6*(2/(-3))/(12/(-18)).
5
Let g(b) = b**3 + 7*b**2 + 10*b + 2. Let u(y) be the first derivative of y**3/3 - 2*y**2 - 7*y - 2. What is the remainder when u(6) is divided by g(-5)?
1
Suppose r + 967 - 985 = 0. What is the remainder when 341 is divided by r?
17
Suppose v = 4*l + 20 - 7, 3*l + 6 = 0. Suppose -229 = -v*j - 4*k - 29, -k = 5. Calculate the remainder when j is divided by 16.
12
Let k = 65 + 11. Suppose 8 + 4 = 3*h, 0 = 5*a - h - k. Calculate the remainder when 29 is divided by a.
13
Let f(s) = 38*s - 364. Let j = -41 + 68. Calculate the remainder when j is divided by f(10).
11
Suppose -n = -2 - 1. Let z be 2 - ((-11)/9 - 16/(-72)). Suppose -z*u = 2*u - 25. What is the remainder when u is divided by n?
2
Let d(m) = 2*m. Let y(x) = -x**3 - 11*x**2 - 2*x - 8. Let v be y(-11). Calculate the remainder when d(6) is divided by (-1)/(3 + (-44)/v).
5
Suppose -12460 = -64*d - 6*d. What is the remainder when d is divided by 6?
4
Let b be 2/(8/(-4))*3. Let q be 115 + 3 + -6 - b. Suppose 0 = -2*t - 5*s + 58, -q - 63 = -5*t + 4*s. Calculate the remainder when t is divided by 12.
10
Suppose j + 0*j = -5*g - 5, j - 2 = 2*g. Let x = 6 + g. Calculate the remainder when (-30)/(-2) + (x - 5) is divided by 4.
3
Let v(x) = 8*x - 6. Let q be v(7). Let y = q + 0. Suppose 5*o + 0 - 80 = c, -5*o = 4*c 